 units digit of o?
9
Let k(g) = -2*g - 2. Let z be k(3). What is the units digit of ((-6)/z)/((-3)/(-72))?
8
Suppose -3*g + 20 = 2*g. Suppose x = d + 4*d - 9, -5*d - 2*x = -12. Suppose n = d + g. What is the units digit of n?
6
Suppose -4*y = -3*y - 2. Suppose -u + 0*u + y = 0. What is the units digit of u?
2
Let r(h) = h**2 + 6*h - 3. Let d be r(-6). What is the units digit of ((-52)/d)/(12/18)?
6
Let r = -2 - 0. What is the units digit of 24/1*r/(-4)?
2
Let q = -2 - -6. Let d = 7 - q. What is the units digit of d?
3
Let p be (-4 - -7)/(1/(-13)). Let b = p - -64. What is the tens digit of b?
2
Let j = 4 + -6. Let o(f) = -f**3 - 5*f**2 + 5*f - 7. Let q be o(-6). Let d = q - j. What is the units digit of d?
1
Let k be 9/2 - 1/(-2). Suppose -k*p - 16 - 2 = -n, 12 = -4*p. What is the units digit of (-6 + -1)/(n/(-6))?
4
Suppose -5*k + 2 = -3*k. Suppose -10 + k = -3*u. Suppose -3*c + 63 = -u*w, 4*w - 81 = -5*c - 21. What is the tens digit of c?
1
Suppose 4*z = 2 - 10. Let v be (-1*3)/(-3 - z). What is the units digit of 9 + v/(-9)*-3?
0
Let c(w) = -8*w**2 + 5*w + w**2 - 4 + w**2. Let m(o) = -6*o**2 + 6*o - 5. Let t(p) = -5*c(p) + 4*m(p). What is the units digit of t(1)?
5
Let s = -36 + 57. What is the tens digit of s?
2
Let j(r) = r**2 + 3*r - 13. Let n be j(3). Let b(s) = -2*s - 1. Let k be b(-1). Let g = n + k. What is the units digit of g?
6
Suppose 126 = 2*u - l, -309 = -5*u + 8*l - 4*l. What is the tens digit of u?
6
Suppose -2*m = -m - 1. What is the units digit of m?
1
Suppose 3*a - o = a + 137, -5*a + 349 = 4*o. What is the units digit of a?
9
Let x(m) = -2*m + 2. Let d be x(-4). What is the units digit of 4/d - 228/(-30)?
8
Suppose 2*v - 97 - 19 = 0. Suppose v = 3*l + 6*p - p, -2*l = -4*p - 68. Suppose -m - l = -3*m. What is the tens digit of m?
1
What is the units digit of (-6)/12*2*-47?
7
Suppose 465 = -5*w - 3*z + 4*z, -5*w - 3*z - 465 = 0. Let x = -53 - w. What is the units digit of x/6*6/5?
8
Suppose 10 = -m + 3*o, -2*o + 5 = -m - 1. Suppose -v - m*v + 33 = 0. What is the tens digit of v?
1
Suppose 2*h = -u + 285, -1659 + 276 = -5*u + 4*h. What is the hundreds digit of u?
2
Let j(b) = 2*b**2 - 4*b + 29. What is the hundreds digit of j(9)?
1
Let f = -3 + 6. Suppose -w - f*w = -32. What is the units digit of w?
8
Let m be (14 - 0)*(-1)/(-2). Suppose 2*p - m*p - 10 = 5*z, 5*p = 3*z + 6. Suppose -4*a + 2*a + 4 = p. What is the units digit of a?
2
Let l = 3 + -4. Let n(x) = 4*x**2 + x + 1. Let s be n(l). What is the units digit of (14/(-4))/((-2)/s)?
7
Let d = 38 - 77. Let b = d + 70. What is the units digit of b?
1
Let t(m) = -92*m - 6. What is the hundreds digit of t(-2)?
1
Let o(z) = 3*z**2 - 2*z - 2. Let c be 1*(0 - -1)*-2. What is the units digit of o(c)?
4
Let w = -7 + 9. Suppose 80 = -w*c + 4*c. What is the units digit of c?
0
Suppose -2*l - 2*l = -252. What is the units digit of l?
3
Suppose 0 = -4*y + 5*y. Suppose -b - b + 40 = y. What is the tens digit of b?
2
What is the tens digit of (-398)/(-3) - 3/(-9)?
3
Suppose 3*b + 3*n - 339 = -0*b, b + 2*n - 117 = 0. What is the hundreds digit of b?
1
Let d(s) = s**2 + 7*s + 10. What is the units digit of d(-9)?
8
Let a(l) = -l**3 + 9*l**2 - 2*l + 6. What is the tens digit of a(7)?
9
Let o(p) = -9*p**2 - 7*p. Let u(v) = -5*v**2 - 4*v. Let q(x) = -6*o(x) + 11*u(x). Let f be q(-4). Let g = f + 12. What is the units digit of g?
4
Let v(i) = -i**2 + 8*i + 2. Let p be v(8). What is the units digit of (-18)/(-15) + p/(-10)?
1
Suppose 752 = -5*a + 9*a + 4*b, 4 = -4*b. What is the units digit of a?
9
What is the units digit of 15/(-2)*-41 + (-7)/14?
7
Suppose -3*n + n + 14 = 0. Suppose -n - 1 = -o. What is the units digit of o?
8
Suppose -103 = -3*j + d, -4*j = -9*j - 2*d + 179. What is the tens digit of j?
3
Suppose 2*f = -0 - 4. What is the units digit of (f/(-4))/((-1)/(-2))?
1
Let r = -5 + 7. Suppose -x - 9 = -r*x. Suppose 0 = d + 4*c - 5*c - x, 3 = -c. What is the units digit of d?
6
Suppose 0 = -5*d - 3 + 28. Suppose 15 = 5*c + d. What is the units digit of c?
2
Let c = -8 - -11. Suppose 5*v = -2*w - 0*w - c, 0 = -5*w + v + 60. What is the units digit of w?
1
Let h(a) be the second derivative of a**5/120 + 19*a**4/24 - 5*a**3/6 - a. Let u(w) be the second derivative of h(w). What is the tens digit of u(-9)?
1
What is the units digit of ((-8302)/(-6))/7 + 3/9?
8
Let y(q) = 6*q**2 - q. What is the tens digit of y(2)?
2
Let g(s) = s**3 - 3*s**2 - 4*s + 6. Let b be g(4). What is the tens digit of ((-40)/b)/((-2)/6)?
2
Let w(f) = -3*f + 2*f + 0*f + 12 - f. What is the tens digit of w(0)?
1
Suppose d = 3*d - 66. What is the tens digit of d?
3
Let p(q) = -q**2 + 4*q - 1. Let o be p(2). Suppose w = -o*w + 108. What is the tens digit of w?
2
Suppose 0 = 2*n - 5*q + q + 12, 5*n + 3*q = 22. Suppose 2 = -0*y + n*y. What is the units digit of y?
1
Suppose 5 = 5*p - 55. Let k = -16 - -57. Suppose o = 5*f - k, -3*f - p = 5*o - 59. What is the units digit of f?
9
Let x = 45 + -7. What is the units digit of x?
8
Let w be (12/(-3))/(-2)*6. Suppose -w = -4*d, 2*m + 20 = 3*m - d. What is the tens digit of m?
2
Let p = -8 + 22. What is the tens digit of p?
1
Let z = -45 + 76. What is the units digit of z?
1
Let y(n) = n + 2. Let p be y(-1). Let c = p - 0. What is the units digit of c?
1
Let m(t) = -t**2 - 6*t - 4. Let d be m(-5). Suppose 0*g = -2*g + 2. Let o = g + d. What is the units digit of o?
2
Let s = -11 + -8. Let j = -7 - s. What is the units digit of j?
2
Suppose 5*f + 85 = 6*f. What is the units digit of f?
5
Suppose 0 = 2*i + 2*t - t - 10, -3*i = 4*t - 25. Let q be 54/(-24)*(-1 - i). Suppose q - 24 = -3*u. What is the units digit of u?
5
Let a = -34 + 82. Suppose -4*d + a = -4*c, c = -4*d + 4*c + 51. Suppose -40 = -5*t + 3*k + d, t - 11 = -3*k. What is the units digit of t?
1
Let i(a) = a**3 + 7*a**2 - a + 1. Let t be i(-7). What is the units digit of (t/(-6))/((-2)/9)?
6
Let q(m) = 7*m. Let s be q(1). Let r = s + 7. Suppose 1 = -2*x + u, 2*x - r = -0*u - 4*u. What is the units digit of x?
1
Suppose -s - 3*s + 84 = 0. What is the units digit of s?
1
Let m be 4/14 - 6/21. Suppose m = 4*v + 4*a - 24, 2*a = 4*a - 4. What is the units digit of v?
4
Let n = -46 + 99. What is the units digit of n?
3
Suppose 0 = -5*s + 9*s. Let q = 34 + s. What is the units digit of q?
4
Suppose -7*f = -6*f - 5. Suppose -f*a + 4*r + 210 = 0, r - 6 = -4*a + 183. What is the tens digit of a?
4
Suppose -p - p - 2*u + 146 = 0, 0 = -4*u + 20. What is the tens digit of p?
6
Let l(v) = v**3 - v**2 - 2*v. Let p be l(2). Let n(a) = 3*a**3 - 4*a - 3*a**2 + p*a**3 - 4*a**3 - 3. What is the units digit of n(-2)?
1
What is the units digit of (12 + -2)/(-5) + 53?
1
Let z = 0 - 0. Suppose 4*l = 5*l - 1. What is the tens digit of 5/(l/2 - z)?
1
What is the tens digit of 7*6 + (3 - 2)?
4
Let w = 163 - 99. What is the tens digit of w?
6
Let w(m) = m**3 - 5*m**2 - 5*m - 6. Let s be w(6). Suppose 10 = 5*q - 3*l + l, 1 = -q + l. Suppose -32 = -q*i - s. What is the units digit of i?
8
Suppose 9*h = 8*h + 54. What is the tens digit of h?
5
Let k(r) = -r**3 + 5*r**2 + r + 7. Suppose -v + 1 + 4 = 0. What is the tens digit of k(v)?
1
Suppose -6 = 2*k + 3*q - 1, -3*k = 5*q + 9. Let m be -3 - -6 - (k - 0). Suppose 2*z + m = 3*z. What is the units digit of z?
1
Let n(t) = 2*t - 6. Let m be n(4). What is the units digit of (m + -7)*-5*1?
5
Suppose 116 = 2*j - q - 2*q, -242 = -4*j + q. What is the units digit of j?
1
Suppose 0 = -3*q + 4*r - 6, r = q + 3 - 2. Let w = -1 + 2. What is the units digit of ((-2)/q + 4)/w?
3
Suppose 6*g - 158 = 262. What is the units digit of g?
0
Let g(y) = -2*y - 13. Let l be g(-10). Suppose o + 20 = 6*o. Suppose -3*r = -o*r + l. What is the units digit of r?
7
Suppose -5*f + 162 = m - 127, 5*m + 2*f = 1560. What is the units digit of m?
4
Suppose -2*j = -5*j - 6, 2 = 4*i - j. Suppose 5*v = -0*v + 2*a + 16, -5*a + 10 = i. Suppose 0 = f - 8 + v. What is the units digit of f?
4
Let w(f) = -5*f + 4 + 4*f + f**2 + 3*f + 3*f. What is the tens digit of w(-7)?
1
Let c be (-40)/6 + 2/(-6). Let i be 4/4 - c*1. Let f(h) = -h**3 + 9*h**2 - 7*h. What is the units digit of f(i)?
8
Let m = -19 + 73. Suppose -q = -3*q + m. What is the tens digit of q?
2
Let s = 164 + -96. What is the tens digit of s?
6
Suppose 129 = 2*p + 25. What i